. What is the tens digit of v?
1
Suppose -2*t + 15 = -t + 3*f, -5*t + 19 = f. Suppose -5*w = 2*p - 47, -t*p - 56 = 2*w - 6*w. What is the tens digit of w?
1
Let t be -10 + 7 - 4*-2. Suppose 0*d = 5*d + t*o - 5, 5*d - 35 = 5*o. What is the units digit of d?
4
Let y(j) = -j**2 + 5*j + 1. Let i be y(5). Let f(r) = 2*r**2 - i - 3*r + 1. What is the units digit of f(2)?
2
Let k(u) = 2*u**2 + 3*u - 3. Let c be 4 + (-6)/9*3. Let j be k(c). Let r = j - 0. What is the units digit of r?
1
Let r = -246 - -39. What is the units digit of (-3)/12 - r/12?
7
Let f(g) = -g**3 + g**2. Let b(h) = -4*h**3 + 13*h**2 - 7*h + 3. Let x(q) = -q + 5. Let j be x(0). Let k(w) = j*f(w) - b(w). What is the units digit of k(-9)?
5
Suppose 0 = -8*t + 11*t - 258. What is the tens digit of t?
8
Let p be (12/(-4))/((-1)/(-49)). Let f = -82 - p. Suppose 5*i + f = 5*l + 10, 0 = 3*l + 2*i - 8. What is the units digit of l?
6
Let t(f) = 28*f**2 + f + 2. Let q be t(-1). Let a = -4 + q. What is the units digit of a?
5
Let d = 4 - -1. Suppose -2*l + 0*l + 25 = s, 0 = -d*l - 3*s + 61. What is the tens digit of l?
1
Let i be (-14)/(-21) - (-218)/6. Let x = -6 + i. What is the tens digit of x?
3
Let b = -26 + 78. What is the tens digit of b?
5
Suppose 3*u - 6 = -0*u. Suppose -3*z + 125 = u*z. What is the units digit of z?
5
Let u(c) = c - 13*c - c + 1 + 7 + 2*c**2. What is the units digit of u(8)?
2
Let b = -3 - -15. What is the tens digit of 282/b + (-2)/4?
2
Suppose -2*c + 35 = 3*c. What is the units digit of c?
7
Suppose -78 = -5*b - 3. What is the units digit of b?
5
Suppose 0 + 10 = 2*t. Suppose 16 - 41 = -t*c. Suppose -5*f + 25 = 0, 3*d - c*f = -3*f + 5. What is the units digit of d?
5
Let f be (7 + -10)/((-3)/2). Suppose 4 = w - f. Suppose 34 = 5*k - 2*l, 5*l - w - 1 = k. What is the units digit of k?
8
Let f be ((-3)/9)/((-1)/(-3)). Let r be 3 + f + (3 - 3). Suppose c - r = 11. What is the units digit of c?
3
Suppose -q = 7*q - 272. What is the units digit of q?
4
Let q = 221 + 56. What is the tens digit of q?
7
Suppose 2*g + 195 = 7*g. Suppose 0 = 3*f - g + 3. What is the tens digit of f?
1
Suppose 4*w - 11*w + 1295 = 0. What is the tens digit of w?
8
Let u(s) = s**3 - 8*s**2 - 8*s - 5. Let k be u(9). Suppose -3*l - 3 = -3*g, -l = k*g - 2 + 3. What is the units digit of -1 - (-8)/l*-1?
7
Suppose -2*j + 34 = -3*k + 2*j, -k = -2*j + 10. Let c = 23 + k. What is the units digit of c?
9
Let y(q) = q - 2. Let x be y(5). Suppose -2*o + 11 - x = 0. Suppose 3*c - o*c + 2 = 0. What is the units digit of c?
2
Let p(a) be the third derivative of -a**6/120 - a**5/20 + a**4/12 + a**3/2 + a**2. What is the units digit of p(-4)?
1
What is the units digit of 1683/63 - (-4)/14?
7
Let o(r) = r**3 - 8*r**2 - 10*r + 10. Let m be -15*(-6)/9 + -1. What is the units digit of o(m)?
1
Let t(j) be the second derivative of -j**5/20 - j**4/2 - j**3/2 + 2*j**2 + j. Let o be t(-5). What is the units digit of ((-1)/3)/(1/o)?
2
Suppose -2*k = -4*c + 146, 3*c - 24 = 2*c + 3*k. What is the units digit of c?
9
Suppose 10*g - 10 = 5*g. Suppose 8 + g = -t + u, -3*t + 4*u - 26 = 0. What is the tens digit of t/(-1) - (2 - 0)?
1
Let f = -52 - -68. What is the tens digit of f?
1
What is the hundreds digit of 80/8*192/5?
3
Let o = -4 + 3. Let i = o - -5. What is the units digit of i?
4
Suppose 10 = 18*x - 17*x. What is the tens digit of x?
1
What is the hundreds digit of (-36)/(-126) - (-1)/(14/1480)?
1
Suppose -5*k = 3*p - 211, -p = -4*k + 3*k + 39. Suppose 2*z + 2*q = 7*z + k, -3*q = 3*z + 12. What is the units digit of (-61)/(-7) - 2/z?
9
Let t = -11 + 19. Suppose -t*x = -3*x - 10. Suppose -2*h - 6 = x*g, h - 8 + 3 = -5*g. What is the units digit of g?
2
Let b(w) = -2*w - 9. Let q be b(-6). Let g be 10/4*(4 - 2). Let n = g + q. What is the units digit of n?
8
Let h(l) = 30*l + 6. Let x be h(3). Suppose 2*z + 4*a = -2*z + x, 2*a + 32 = 2*z. What is the units digit of z?
0
Let w = -7 + 8. Suppose 2 = q - w. Suppose -q*g - 42 = -6*g. What is the tens digit of g?
1
Let s = 73 - 71. What is the units digit of s?
2
Suppose -4*a - 4*p - 28 = 0, -3*a - 18 = 5*p + 13. Let l be 5 + -5 + (0 - a). Suppose 0 = l*v - 4*z + 4, -2*v + 3*z - 1 = -0. What is the units digit of v?
4
Let k = 29 - 4. What is the tens digit of k?
2
Let k be ((-3)/((-9)/3))/1. Suppose -k = -5*q + 19. What is the units digit of q?
4
What is the units digit of 1/1 + -2 - -5?
4
Let z(t) be the third derivative of -t**6/120 + 7*t**5/60 - t**4/8 - t**3 + 6*t**2. What is the tens digit of z(6)?
1
Let a(k) = k**2. Let d be a(0). Suppose -33 = -2*z - v, -2*z = -d*z - 5*v - 51. What is the units digit of z?
8
Suppose -7*j + 3*j = 0. Suppose -2*q = q - 3, 5*w + 3*q - 168 = j. Suppose -m + 2*z + 15 = 0, 4*m - 4*z - 7 = w. What is the units digit of m?
5
Let d(w) = w**2 + 3*w - 5. Let i be d(-5). Let q = i - 2. Suppose -q*n + n = -12. What is the units digit of n?
6
Let o(j) = 5 - 12 + 9*j + 5*j. Let v be o(5). Suppose 3*d - v = -0*d. What is the units digit of d?
1
Suppose 9*r = 34 - 106. Let s be -1*1 + (-12)/2. Let l = s - r. What is the units digit of l?
1
Let j = -1 + 4. Suppose -3*m = 2*v - 6, 0 = -5*v - j*m + 18 - 3. What is the units digit of v?
3
Let i(s) = 3*s - 4. What is the units digit of i(5)?
1
Suppose 0 = 5*b - 35 + 5. Let k = 9 - b. Suppose -28 = -k*j + 14. What is the units digit of j?
4
Suppose 0 = 4*m + 1 - 9. Let q be (m - 1)/(3/51). Suppose q = -4*v + 69. What is the units digit of v?
3
Let r(p) = -p + 3. Let i be r(-3). Suppose a + 5*c = 35, -4*a + i*a = c + 81. Let w = a - 28. What is the units digit of w?
2
Let b(y) = -y**3 - 7*y**2 - y - 4. What is the tens digit of b(-8)?
6
Suppose 4*x + 8 = 0, -3*j - 3*x = -x - 38. What is the units digit of j?
4
Let g be (2 + -2)/(-1 + 3). Let j = 2 + g. Suppose 0 = -j*n + 13 + 25. What is the tens digit of n?
1
Let r(l) = -l**2 - 8*l + 8. Let g be r(-8). Let v(w) = -w**3 + 9*w**2 - 6*w + 8. What is the units digit of v(g)?
4
Suppose -n + 2 = 2*v, 0 = 3*v + v - 2*n - 20. Let r be (-2)/((2 - -1)/v). Let z = 10 + r. What is the units digit of z?
8
Let q be ((-8)/6)/(16/(-24)). Suppose q*n = 3*i - 10 - 40, 2*i = -3*n + 29. What is the tens digit of i?
1
Suppose -4*r + 628 = -5*k, 2*r - k - 3*k - 314 = 0. What is the tens digit of r?
5
Suppose 0 = -i - 5*i + 1728. What is the tens digit of i?
8
Let s(b) = -b**3 - 11*b**2 - 2*b + 10. Let n be 2/(1/(22/(-4))). What is the units digit of s(n)?
2
Suppose -4*s + 117 = -87. What is the tens digit of s?
5
Let b(h) = 2*h - 5. Let p be b(4). Let u(f) = 4*f - 2. Let d be u(p). Suppose -w + 3*w = d. What is the units digit of w?
5
Let w(a) = 3*a + 39. What is the tens digit of w(0)?
3
Let f(o) = -o + 3. Let c(s) = s**3 + 4*s**2 - 2*s - 5. Let l be c(-4). Suppose l*a + 2 = 8. What is the units digit of f(a)?
1
What is the units digit of 4/((2/(-2))/(-12))?
8
Let m(n) be the first derivative of 7*n**2/2 - 2. What is the tens digit of m(2)?
1
Let i be (204/15)/((-4)/(-10)). Suppose q = 2*h - 2*q, 5*h - i = -q. What is the units digit of h?
6
Let u(g) = -6*g**2 + 2*g + 4. Let w be u(4). What is the units digit of ((-2)/(-1))/((-6)/w)?
8
Let i(f) = f**2 - 20. What is the tens digit of i(6)?
1
Suppose -3 = -s + 2*s. Let p be 7 - s/(-6)*4. Suppose 5*i + 4*z = 47, 5*i - 28 = -p*z + 22. What is the units digit of i?
7
Let g(z) = -z**2 + 4*z + 7. Suppose 6*p = -3*k + 2*p + 11, p = 4*k - 21. Let l be g(k). Suppose 0 = 5*t + 15, -3 + 1 = l*s + 4*t. What is the units digit of s?
5
Let j be (-2)/(-8) + (-7)/(-4). Let d = j - -5. What is the units digit of d?
7
What is the units digit of (-3984)/(-14) - (-4)/(-7)?
4
Suppose -5*k - 4*p + 855 = 0, 4*k + 5*p - 4*p = 695. What is the tens digit of k?
7
Let g(d) = -d**3 + 8*d**2 - 3*d - 1. What is the units digit of g(7)?
7
Let a be (22/8 - -1)*-16. Let x be a/(-16) - (-1)/4. Suppose -x*s - 5*q - 8 = 0, -s - q = -3*s + 10. What is the units digit of s?
3
Suppose 3*a = -0 + 60. What is the tens digit of a?
2
Suppose v - 34 = -v. What is the units digit of v?
7
Suppose -10 = -f + 1. Suppose 13 = c - f. What is the units digit of c?
4
Let o(p) = 2*p**2 - 4. Let f be o(2). Let k = f - -25. What is the tens digit of k?
2
Let u(w) = -w**3 + 4*w**2 - 3*w. Let q be u(2). Let s(x) = 9*x - 2. What is the units digit of s(q)?
6
Let i(b) = -2*b**2 